013343 (base 7) to base 4.
1113003023
Convert 11031000 (base 5) to base 14.
26c74
What is -6122b (base 13) in base 2?
-101010011101110010
What is 8848334 (base 10) in base 3?
121122112122002
-24552553 (base 6) to base 10
-792501
-de82b (base 16) to base 11
-572829
-1271216 (base 8) to base 4
-1113022032
What is 2265644 (base 8) in base 14?
120dc8
4382a (base 13) to base 5
12402343
-492884 (base 11) to base 16
-be5af
-3065 (base 11) to base 9
-5515
Convert 5066447 (base 9) to base 13.
737713
22316725 (base 8) to base 12
1747b85
Convert 5074200 (base 8) to base 5.
320412233
Convert 241022213 (base 5) to base 11.
69972a
-27b514 (base 12) to base 7
-5426443
What is 12a150 (base 14) in base 10?
642362
What is -1030032 (base 4) in base 12?
-29a6
Convert 12637855 (base 10) to base 8.
60153237
24102645 (base 7) to base 8
10112716
What is b9685 (base 12) in base 11?
157866
Convert 2c0a9c (base 13) to base 11.
682867
-1000000010101101100 (base 2) to base 9
-441443
Convert -12bac (base 16) to base 6.
-1351100
What is -21210122211 (base 3) in base 5?
-14403241
140412250 (base 7) to base 6
523401501
What is 100001011111010111 (base 2) in base 16?
217d7
-30231 (base 4) to base 7
-2241
Convert a34267 (base 12) to base 2.
1001110000011101101111
191b21 (base 15) to base 16
12a111
-3946 (base 11) to base 13
-244a
Convert 201301311 (base 5) to base 9.
1458222
244431103 (base 5) to base 9
2174004
Convert 130720 (base 9) to base 8.
232725
What is -13832 (base 16) in base 5?
-10024142
What is e0d4a (base 16) in base 2?
11100000110101001010
-11100001011000000000010 (base 2) to base 3
-111220012102212
Convert 27651213 (base 9) to base 4.
310022120223
-12314411 (base 5) to base 16
-1d4ad
Convert -110323023 (base 5) to base 8.
-1651023
Convert 665427 (base 12) to base 11.
a11148
Convert 1021002202121 (base 3) to base 2.
10100011111000000100
What is -303403410 (base 5) in base 7?
-13320023
What is -58838 (base 12) in base 13?
-4204a
What is 1503220 (base 9) in base 8?
3123175
What is -775c9 (base 13) in base 7?
-1560442
5242414 (base 6) to base 12
10340a
What is -30b6c2 (base 13) in base 6?
-40230054
2c42a87 (base 13) to base 11
8039986
Convert -341808 (base 13) to base 3.
-2022120112210
Convert -1d39c7 (base 16) to base 13.
-520a46
Convert -2d9468 (base 15) to base 12.
-8a5b08
Convert 199518 (base 16) to base 8.
6312430
1111010111110101 (base 2) to base 15
139ca
-55147 (base 8) to base 14
-8611
60289b (base 12) to base 10
1497719
-101110111111011110 (base 2) to base 16
-2efde
-22045134 (base 7) to base 4
-13032112101
Convert 10110422 (base 6) to base 9.
480585
What is 32014414 (base 7) in base 3?
12002200021221
-12a6ca (base 15) to base 10
-895915
What is -541988 (base 10) in base 3?
-1000112110122
184373 (base 12) to base 2
1100111000100000111
Convert 122433315 (base 6) to base 15.
31bbde
-234210 (base 5) to base 2
-10000111101000
16a8184 (base 13) to base 3
111211211022122
What is -53003310 (base 6) in base 2?
-101111000000100111010
What is -4105344 (base 7) in base 3?
-220212012010
-6153326 (base 7) to base 4
-2303222132
173440 (base 9) to base 15
21cd3
33dc1 (base 15) to base 13
5a1c6
111100000010001000000 (base 2) to base 10
1967168
What is 23430342 (base 5) in base 6?
4355221
3971633 (base 10) to base 15
536ba8
24d5b3 (base 14) to base 8
4650711
Convert -15255872 (base 9) to base 14.
-101a031
What is -98c0 (base 15) in base 7?
-163221
Convert -5662504 (base 10) to base 8.
-25463450
12834 (base 13) to base 16
862e
-130340120 (base 5) to base 9
-1170607
What is 14466737 (base 8) in base 16?
326ddf
Convert 231042433 (base 5) to base 11.
646a48
1a584 (base 13) to base 6
1034204
What is -943a5 (base 13) in base 3?
-111112112121
-3046553 (base 7) to base 16
-5915c
Convert 3d44aa (base 15) to base 2.
1011010000011010011010
-1368a12 (base 11) to base 14
-454059
-30301120022 (base 4) to base 9
-6262505
-21132404 (base 5) to base 14
-48833
Convert 5373723 (base 8) to base 9.
2633805
Convert -122331303202 (base 4) to base 7.
-114041014
420025 (base 7) to base 10
72049
Convert -34bb88 (base 13) to base 7.
-13442511
What is -20030001012 (base 4) in base 3?
-11001001021100
4004523 (base 6) to base 7
1411116
5638be (base 15) to base 13
b0cc8a
What is -2620 (base 14) in base 8?
-15044
Convert -54200115 (base 6) to base 11.
-9a4596
Convert -87a460 (base 12) to base 4.
-20031310020
What is 433535453 (base 6) in base 16?
762339
Convert -100401404 (base 7) to base 8.
-26177574
11220211102200 (base 3) to base 4
21332103231
What is -1334872 (base 10) in base 2?
-101000101111001011000
300032030132 (base 4) to base 3
212210020021012
What is 2389aa (base 12) in base 15?
b5617
Convert 201222211022212 (base 3) to base 8.
50420606
1100000011110001000101 (base 2) to base 12
1085459
19cb3e (base 15) to base 5
310224114
-1211122220002 (base 3) to base 14
-1b6342
Convert 1aa307 (base 11) to base 2.
1001110011001110101
1941f (base 16) to base 3
12020220200
Convert -109266 (base 11) to base 8.
-522440
11303143 (base 5) to base 4
121101330
Convert -4d60c0 (base 14) to base 10.
-2667336
-305302 (base 8) to base 15
-1ee23
155251b (base 12) to base 8
20430547
Convert -131110 (base 8) to base 3.
-2022121101
Convert -3172372 (base 8) to base 5.
-204133041
-102002011322 (base 4) to base 15
-635992
Convert 41441133 (base 5) to base 10.
343293
Convert 3301411 (base 7) to base 2.
1100010100111001011
Convert 1307e6 (base 15) to base 7.
10521633
493b373 (base 12) to base 2
110110011010101101000111
What is 460340 (base 7) in base 14?
21b57
Convert 2c193c (base 13) to base 2.
100001001111000111111
-11211311121 (base 4) to base 3
-2202110112210
Convert 243430411 (base 5) to base 13.
3159c4
Convert 1111101001001101010 (base 2) to base 15.
a1d48
Convert -e001d (base 16) to base 6.
-31355501
Convert -20120122002000 (base 3) to base 12.
-1207416
-89370 (base 11) to base 12
-62b77
-1000100101011101011110111 (base 2) to base 4
-1010223223313
150046 (base 7) to base 10
28846
What is 63066 (base 7) in base 8?
36173
What is 5133137 (base 10) in base 15?
6b5de2
What is 1b3614 (base 13) in base 10?
693086
Convert -637105 (base 8) to base 5.
-23300144
Convert 60453a (base 12) to base 11.
935526
What is -9531c (base 14) in base 13?
-c7b84
Convert -2baa8 (base 14) to base 7.
-633101
Convert -213016 (base 9) to base 5.
-13024421
Convert 314140311 (base 6) to base 11.
312a133
-1213010031 (base 5) to base 6
-141144452
What is -25123173 (base 8) in base 12?
-1a36537
Convert -10a7476 (base 12) to base 8.
-14165732
What is -1664316 (base 8) in base 10?
-485582
What is 41b15 (base 12) in base 6?
1503225
11110110000111100 (base 2) to base 14
33ccc
Convert 11211301012 (base 4) to base 12.
5a805a
Convert -62c95 (base 15) to base 13.
-ac811
9c57c9 (base 16) to base 11
5869047
10012001 (base 5) to base 7
446216
Convert -50122042 (base 6) to base 5.
-330114011
What is 10111221202212 (base 3) in base 13?
505916
Convert -2265021 (base 7) to base 13.
-9c98a
Convert 94c6 (base 15) to base 14.
b673
-135963 (base 13) to base 7
-3663663
1110004341 (base 5) to base 14
470b79
Convert -cca9 (base 16) to base 8.
-146251
-12a13c4 (base 13) to base 9
-12017433
Convert -13006621 (base 7) to base 10.
-1178857
What is 122705 (base 11) in base 15?
3c682
What is -103331300 (base 6) in base 4?
-13002331110
-9865 (base 16) to base 9
-58457
What is -101001100111000110 (base 2) in base 13?
-5c768
-10341301 (base 5) to base 14
-24c2d
-3101452 (base 6) to base 5
-14220021
-326419 (base 13) to base 4
-10201101301
What is -2263463 (base 8) in base 2?
-10010110011100110011
-10a5036 (base 12) to base 15
-433b36
Convert -9abc78 (base 16) to base 8.
-46536170
Convert 83b961 (base 13) to base 3.
12210120102112
2011021312 (base 5) to base 8
17207261
8642 (base 13) to base 3
221120112
-ca423 (base 13) to base 16
-5935f
-2426752 (base 10) to base 12
-990454
What is 4021335 (base 8) in base 6?
34355501
100110100011 (base 3) to base 4
231130132
Convert -18572f (base 16) to base 14.
-2d7499
What is -81766 (base 9) in base 3?
-2201212020
What is 5a0b6a (base 13) in base 8?
10133426
Convert -3010220 (base 4) to base 9.
-18232
Convert 117245 (base 9) to base 8.
212404
Convert 36371 (base 11) to base 16.
cc7e
33ba4 (base 16) to base 14
57300
What is 1421762 (base 8) in bas